{"id":83,"date":"2023-01-22T19:30:33","date_gmt":"2023-01-22T18:30:33","guid":{"rendered":"http:\/\/192.168.205.167\/?page_id=83"},"modified":"2026-01-12T10:59:22","modified_gmt":"2026-01-12T09:59:22","slug":"sportovni-a-klasicke-masaze","status":"publish","type":"page","link":"http:\/\/www.masaze-michaela.cz\/?page_id=83","title":{"rendered":"Sportovn\u00ed a klasick\u00e9 mas\u00e1\u017ee"},"content":{"rendered":"\n<p class=\"has-text-align-center\">Sportovn\u00ed a klasick\u00e1 mas\u00e1\u017e jsou ide\u00e1ln\u00ed pro aktivn\u00ed jedince i ty, kte\u0159\u00ed cht\u011bj\u00ed uvolnit nap\u011bt\u00ed po dlouh\u00e9m dni. Pom\u00e1h\u00e1 regenerovat svaly, zlep\u0161it pohyblivost, zm\u00edrnit bolest a zrychlit zotaven\u00ed po fyzick\u00e9 z\u00e1t\u011b\u017ei. Perfektn\u00ed pro sportovce i ka\u017ed\u00e9ho, kdo si chce dop\u0159\u00e1t relaxaci a p\u00e9\u010di o t\u011blo.<\/p>\n\n\n\n<p class=\"has-text-align-center\"><\/p>\n\n\n\n<p><\/p>\n","protected":false},"excerpt":{"rendered":"<p>Sportovn\u00ed a klasick\u00e1 mas\u00e1\u017e jsou ide\u00e1ln\u00ed pro aktivn\u00ed jedince i ty, kte\u0159\u00ed cht\u011bj\u00ed uvolnit nap\u011bt\u00ed po dlouh\u00e9m dni. Pom\u00e1h\u00e1 regenerovat svaly, zlep\u0161it pohyblivost, zm\u00edrnit bolest a zrychlit zotaven\u00ed po fyzick\u00e9 z\u00e1t\u011b\u017ei. Perfektn\u00ed pro sportovce i ka\u017ed\u00e9ho, kdo si chce dop\u0159\u00e1t relaxaci a p\u00e9\u010di o t\u011blo.<\/p>\n","protected":false},"author":1,"featured_media":77,"parent":31,"menu_order":0,"comment_status":"closed","ping_status":"closed","template":"","meta":{"footnotes":""},"class_list":["post-83","page","type-page","status-publish","has-post-thumbnail","hentry"],"_links":{"self":[{"href":"http:\/\/www.masaze-michaela.cz\/index.php?rest_route=\/wp\/v2\/pages\/83","targetHints":{"allow":["GET"]}}],"collection":[{"href":"http:\/\/www.masaze-michaela.cz\/index.php?rest_route=\/wp\/v2\/pages"}],"about":[{"href":"http:\/\/www.masaze-michaela.cz\/index.php?rest_route=\/wp\/v2\/types\/page"}],"author":[{"embeddable":true,"href":"http:\/\/www.masaze-michaela.cz\/index.php?rest_route=\/wp\/v2\/users\/1"}],"replies":[{"embeddable":true,"href":"http:\/\/www.masaze-michaela.cz\/index.php?rest_route=%2Fwp%2Fv2%2Fcomments&post=83"}],"version-history":[{"count":2,"href":"http:\/\/www.masaze-michaela.cz\/index.php?rest_route=\/wp\/v2\/pages\/83\/revisions"}],"predecessor-version":[{"id":319,"href":"http:\/\/www.masaze-michaela.cz\/index.php?rest_route=\/wp\/v2\/pages\/83\/revisions\/319"}],"up":[{"embeddable":true,"href":"http:\/\/www.masaze-michaela.cz\/index.php?rest_route=\/wp\/v2\/pages\/31"}],"wp:featuredmedia":[{"embeddable":true,"href":"http:\/\/www.masaze-michaela.cz\/index.php?rest_route=\/wp\/v2\/media\/77"}],"wp:attachment":[{"href":"http:\/\/www.masaze-michaela.cz\/index.php?rest_route=%2Fwp%2Fv2%2Fmedia&parent=83"}],"curies":[{"name":"wp","href":"https:\/\/api.w.org\/{rel}","templated":true}]}}