{"id":142,"date":"2023-01-22T21:49:41","date_gmt":"2023-01-22T20:49:41","guid":{"rendered":"http:\/\/192.168.205.167\/?page_id=142"},"modified":"2026-01-12T10:18:08","modified_gmt":"2026-01-12T09:18:08","slug":"cenik","status":"publish","type":"page","link":"http:\/\/www.masaze-michaela.cz\/?page_id=142","title":{"rendered":"Cen\u00edk"},"content":{"rendered":"\n<p><\/p>\n\n\n\n<figure class=\"wp-block-table\"><table><tbody><tr><td class=\"has-text-align-left\" data-align=\"left\"><strong>Aromaterapeutick\u00e1 mas\u00e1\u017e<\/strong><\/td><td class=\"has-text-align-left\" data-align=\"left\">60 minut<\/td><td class=\"has-text-align-left\" data-align=\"left\">900,-<\/td><\/tr><tr><td class=\"has-text-align-left\" data-align=\"left\"><strong>Sportovn\u00ed a klasick\u00e1 mas\u00e1\u017e<\/strong><\/td><td class=\"has-text-align-left\" data-align=\"left\">60 minut<\/td><td class=\"has-text-align-left\" data-align=\"left\">900,-<\/td><\/tr><tr><td class=\"has-text-align-left\" data-align=\"left\"><strong>Maderoterapie<\/strong><\/td><td class=\"has-text-align-left\" data-align=\"left\">60 minut<\/td><td class=\"has-text-align-left\" data-align=\"left\">900,-<\/td><\/tr><tr><td class=\"has-text-align-left\" data-align=\"left\"><strong>Relaxa\u010dn\u00ed reflexn\u00ed mas\u00e1\u017e nohou<\/strong><\/td><td class=\"has-text-align-left\" data-align=\"left\">30 minut\/60 minut<\/td><td class=\"has-text-align-left\" data-align=\"left\">450,-\/900,-<\/td><\/tr><tr><td class=\"has-text-align-left\" data-align=\"left\"><strong>Senio\u0159i<\/strong><\/td><td class=\"has-text-align-left\" data-align=\"left\">30 minut<\/td><td class=\"has-text-align-left\" data-align=\"left\">450,-<\/td><\/tr><tr><td class=\"has-text-align-left\" data-align=\"left\"><strong>Spou\u0161\u0165ov\u00e9 body<\/strong><\/td><td class=\"has-text-align-left\" data-align=\"left\">60 minut<\/td><td class=\"has-text-align-left\" data-align=\"left\">900,-<\/td><\/tr><tr><td class=\"has-text-align-left\" data-align=\"left\"><strong>Kojenci a d\u011bti do 15 let<\/strong><\/td><td class=\"has-text-align-left\" data-align=\"left\">30 minut<\/td><td class=\"has-text-align-left\" data-align=\"left\">350,-<\/td><\/tr><tr><td class=\"has-text-align-left\" data-align=\"left\"><strong>Lymfatick\u00e1 manu\u00e1ln\u00ed mas\u00e1\u017e rukou nebo nohou<\/strong><\/td><td class=\"has-text-align-left\" data-align=\"left\">60 minut<\/td><td class=\"has-text-align-left\" data-align=\"left\">900,-<\/td><\/tr><tr><td class=\"has-text-align-left\" data-align=\"left\"><strong>Lymfatick\u00e1 manu\u00e1ln\u00ed mas\u00e1\u017e cel\u00e9ho t\u011bla<\/strong><\/td><td class=\"has-text-align-left\" data-align=\"left\">90 minut<\/td><td class=\"has-text-align-left\" data-align=\"left\">1350,-<\/td><\/tr><\/tbody><\/table><\/figure>\n\n\n\n<p><\/p>\n\n\n\n<p class=\"has-white-background-color has-background\"><\/p>\n","protected":false},"excerpt":{"rendered":"<p>Aromaterapeutick\u00e1 mas\u00e1\u017e 60 minut 900,- Sportovn\u00ed a klasick\u00e1 mas\u00e1\u017e 60 minut 900,- Maderoterapie 60 minut 900,- Relaxa\u010dn\u00ed reflexn\u00ed mas\u00e1\u017e nohou 30 minut\/60 minut 450,-\/900,- Senio\u0159i 30 minut 450,- Spou\u0161\u0165ov\u00e9 body 60 minut 900,- Kojenci a d\u011bti do 15 let 30 minut 350,- Lymfatick\u00e1 manu\u00e1ln\u00ed mas\u00e1\u017e rukou nebo nohou 60 minut 900,- Lymfatick\u00e1 manu\u00e1ln\u00ed mas\u00e1\u017e cel\u00e9ho t\u011bla 90 minut 1350,-<\/p>\n","protected":false},"author":1,"featured_media":0,"parent":0,"menu_order":0,"comment_status":"closed","ping_status":"closed","template":"","meta":{"footnotes":""},"class_list":["post-142","page","type-page","status-publish","hentry"],"_links":{"self":[{"href":"http:\/\/www.masaze-michaela.cz\/index.php?rest_route=\/wp\/v2\/pages\/142","targetHints":{"allow":["GET"]}}],"collection":[{"href":"http:\/\/www.masaze-michaela.cz\/index.php?rest_route=\/wp\/v2\/pages"}],"about":[{"href":"http:\/\/www.masaze-michaela.cz\/index.php?rest_route=\/wp\/v2\/types\/page"}],"author":[{"embeddable":true,"href":"http:\/\/www.masaze-michaela.cz\/index.php?rest_route=\/wp\/v2\/users\/1"}],"replies":[{"embeddable":true,"href":"http:\/\/www.masaze-michaela.cz\/index.php?rest_route=%2Fwp%2Fv2%2Fcomments&post=142"}],"version-history":[{"count":10,"href":"http:\/\/www.masaze-michaela.cz\/index.php?rest_route=\/wp\/v2\/pages\/142\/revisions"}],"predecessor-version":[{"id":299,"href":"http:\/\/www.masaze-michaela.cz\/index.php?rest_route=\/wp\/v2\/pages\/142\/revisions\/299"}],"wp:attachment":[{"href":"http:\/\/www.masaze-michaela.cz\/index.php?rest_route=%2Fwp%2Fv2%2Fmedia&parent=142"}],"curies":[{"name":"wp","href":"https:\/\/api.w.org\/{rel}","templated":true}]}}